{"id":411,"date":"2025-04-24T20:07:03","date_gmt":"2025-04-24T18:07:03","guid":{"rendered":"http:\/\/www.landgasthof-linden.de\/?page_id=411"},"modified":"2026-01-20T08:52:43","modified_gmt":"2026-01-20T07:52:43","slug":"startseite","status":"publish","type":"page","link":"https:\/\/www.landgasthof-linden.de\/","title":{"rendered":"Startseite"},"content":{"rendered":"\t\t<div data-elementor-type=\"wp-page\" data-elementor-id=\"411\" class=\"elementor elementor-411\" data-elementor-post-type=\"page\">\n\t\t\t\t<div class=\"elementor-element elementor-element-f2f4d6e e-con-full e-flex e-con e-parent\" data-id=\"f2f4d6e\" data-element_type=\"container\" data-e-type=\"container\">\n\t\t\t\t<div class=\"elementor-element elementor-element-76dcda8 elementor-widget__width-inherit elementor--h-position-center elementor--v-position-middle elementor-arrows-position-inside elementor-pagination-position-inside elementor-widget elementor-widget-slides\" data-id=\"76dcda8\" data-element_type=\"widget\" data-e-type=\"widget\" data-settings=\"{&quot;navigation&quot;:&quot;both&quot;,&quot;autoplay&quot;:&quot;yes&quot;,&quot;pause_on_hover&quot;:&quot;yes&quot;,&quot;pause_on_interaction&quot;:&quot;yes&quot;,&quot;autoplay_speed&quot;:5000,&quot;infinite&quot;:&quot;yes&quot;,&quot;transition&quot;:&quot;slide&quot;,&quot;transition_speed&quot;:500}\" data-widget_type=\"slides.default\">\n\t\t\t\t<div class=\"elementor-widget-container\">\n\t\t\t\t\t\t\t\t\t<div class=\"elementor-swiper\">\n\t\t\t\t\t<div class=\"elementor-slides-wrapper elementor-main-swiper swiper\" role=\"region\" aria-roledescription=\"carousel\" aria-label=\"Slider_Startseite\" dir=\"ltr\" data-animation=\"zoomIn\">\n\t\t\t\t<div class=\"swiper-wrapper elementor-slides\">\n\t\t\t\t\t\t\t\t\t\t<div class=\"elementor-repeater-item-3712b15 swiper-slide\" role=\"group\" aria-roledescription=\"slide\"><div class=\"swiper-slide-bg elementor-ken-burns elementor-ken-burns--in\" role=\"img\" aria-label=\"DSC06347 2\"><\/div><div class=\"elementor-background-overlay\"><\/div><div class=\"swiper-slide-inner\" ><div class=\"swiper-slide-contents\"><div class=\"elementor-slide-heading\">Herzlich Willkommen<\/div><\/div><\/div><\/div><div class=\"elementor-repeater-item-4366f1c swiper-slide\" role=\"group\" aria-roledescription=\"slide\"><div class=\"swiper-slide-bg elementor-ken-burns elementor-ken-burns--in\" role=\"img\" aria-label=\"DSC09415 2\"><\/div><div class=\"elementor-background-overlay\"><\/div><div class=\"swiper-slide-inner\" ><div class=\"swiper-slide-contents\"><div class=\"elementor-slide-heading\">Landgasthof Linden<\/div><\/div><\/div><\/div>\t\t\t\t<\/div>\n\t\t\t\t\t\t\t\t\t\t\t\t\t\t\t<div class=\"elementor-swiper-button elementor-swiper-button-prev\" role=\"button\" tabindex=\"0\" aria-label=\"Vorheriger Slide\">\n\t\t\t\t\t\t\t<i aria-hidden=\"true\" class=\"eicon-chevron-left\"><\/i>\t\t\t\t\t\t<\/div>\n\t\t\t\t\t\t<div class=\"elementor-swiper-button elementor-swiper-button-next\" role=\"button\" tabindex=\"0\" aria-label=\"N\u00e4chster Slide\">\n\t\t\t\t\t\t\t<i aria-hidden=\"true\" class=\"eicon-chevron-right\"><\/i>\t\t\t\t\t\t<\/div>\n\t\t\t\t\t\t\t\t\t\t\t\t\t\t\t\t<div class=\"swiper-pagination\"><\/div>\n\t\t\t\t\t\t\t\t\t\t\t\t<\/div>\n\t\t\t\t<\/div>\n\t\t\t\t\t\t\t\t<\/div>\n\t\t\t\t<\/div>\n\t\t\t\t<\/div>\n\t\t<div class=\"elementor-element elementor-element-812a1dd e-flex e-con-boxed e-con e-parent\" data-id=\"812a1dd\" data-element_type=\"container\" data-e-type=\"container\" data-settings=\"{&quot;background_background&quot;:&quot;classic&quot;}\">\n\t\t\t\t\t<div class=\"e-con-inner\">\n\t\t\t\t<div class=\"elementor-element elementor-element-9bf5ba9 elementor-widget elementor-widget-spacer\" data-id=\"9bf5ba9\" data-element_type=\"widget\" data-e-type=\"widget\" data-widget_type=\"spacer.default\">\n\t\t\t\t<div class=\"elementor-widget-container\">\n\t\t\t\t\t\t\t<div class=\"elementor-spacer\">\n\t\t\t<div class=\"elementor-spacer-inner\"><\/div>\n\t\t<\/div>\n\t\t\t\t\t\t<\/div>\n\t\t\t\t<\/div>\n\t\t\t\t<div class=\"elementor-element elementor-element-b8680ed elementor-widget elementor-widget-text-editor\" data-id=\"b8680ed\" data-element_type=\"widget\" data-e-type=\"widget\" data-widget_type=\"text-editor.default\">\n\t\t\t\t<div class=\"elementor-widget-container\">\n\t\t\t\t\t\t\t\t\t<p data-start=\"144\" data-end=\"333\"><strong data-start=\"144\" data-end=\"191\">Kommt zu uns in die idyllische Landschaft von Niederbayern.<\/strong><br data-start=\"191\" data-end=\"194\" \/>Verbringt ein paar erholsame Stunden oder Tage im <strong data-start=\"243\" data-end=\"274\">Landgasthof Linden in Furth<\/strong>, umgeben von Menschen, die euch nur das Beste w\u00fcnschen.<\/p><p data-start=\"335\" data-end=\"438\">Sich wie zu Hause f\u00fchlen \u2013 das f\u00e4llt in unserem liebevoll gef\u00fchrten Familienbetrieb wunderbar leicht.<\/p><p data-start=\"440\" data-end=\"642\">Als Gastgeberfamilie mit Herz und Leidenschaft wissen wir genau, worauf es ankommt:<br data-start=\"523\" data-end=\"526\" \/>Aufmerksamer Service, gem\u00fctliche Zimmer, regionale K\u00fcche und eine Atmosph\u00e4re, in der man ankommt und einfach bleibt.<\/p>\t\t\t\t\t\t\t\t<\/div>\n\t\t\t\t<\/div>\n\t\t\t\t<div class=\"elementor-element elementor-element-f91106f elementor-hidden-mobile elementor-widget elementor-widget-spacer\" data-id=\"f91106f\" data-element_type=\"widget\" data-e-type=\"widget\" data-widget_type=\"spacer.default\">\n\t\t\t\t<div class=\"elementor-widget-container\">\n\t\t\t\t\t\t\t<div class=\"elementor-spacer\">\n\t\t\t<div class=\"elementor-spacer-inner\"><\/div>\n\t\t<\/div>\n\t\t\t\t\t\t<\/div>\n\t\t\t\t<\/div>\n\t\t\t\t\t<\/div>\n\t\t\t\t<\/div>\n\t\t<div class=\"elementor-element elementor-element-6723d86 elementor-hidden-desktop elementor-hidden-tablet e-con-full e-flex e-con e-parent\" data-id=\"6723d86\" data-element_type=\"container\" data-e-type=\"container\">\n\t\t\t\t<div class=\"elementor-element elementor-element-9172605 elementor-widget-mobile__width-inherit elementor-hidden-desktop elementor-hidden-tablet elementor-widget elementor-widget-gallery\" data-id=\"9172605\" data-element_type=\"widget\" data-e-type=\"widget\" data-settings=\"{&quot;columns_mobile&quot;:2,&quot;gap_mobile&quot;:{&quot;unit&quot;:&quot;px&quot;,&quot;size&quot;:15,&quot;sizes&quot;:[]},&quot;lazyload&quot;:&quot;yes&quot;,&quot;gallery_layout&quot;:&quot;grid&quot;,&quot;columns&quot;:4,&quot;columns_tablet&quot;:2,&quot;gap&quot;:{&quot;unit&quot;:&quot;px&quot;,&quot;size&quot;:10,&quot;sizes&quot;:[]},&quot;gap_tablet&quot;:{&quot;unit&quot;:&quot;px&quot;,&quot;size&quot;:10,&quot;sizes&quot;:[]},&quot;link_to&quot;:&quot;file&quot;,&quot;aspect_ratio&quot;:&quot;3:2&quot;,&quot;overlay_background&quot;:&quot;yes&quot;,&quot;content_hover_animation&quot;:&quot;fade-in&quot;}\" data-widget_type=\"gallery.default\">\n\t\t\t\t<div class=\"elementor-widget-container\">\n\t\t\t\t\t\t\t<div class=\"elementor-gallery__container\">\n\t\t\t\t\t\t\t<a class=\"e-gallery-item elementor-gallery-item elementor-animated-content\" href=\"https:\/\/www.landgasthof-linden.de\/wp-content\/uploads\/2025\/09\/DSC09415-2-scaled.jpg\" data-elementor-open-lightbox=\"yes\" data-elementor-lightbox-slideshow=\"9172605\" data-elementor-lightbox-title=\"DSC09415 2\" data-e-action-hash=\"#elementor-action%3Aaction%3Dlightbox%26settings%3DeyJpZCI6NjYxLCJ1cmwiOiJodHRwczpcL1wvd3d3LmxhbmRnYXN0aG9mLWxpbmRlbi5kZVwvd3AtY29udGVudFwvdXBsb2Fkc1wvMjAyNVwvMDlcL0RTQzA5NDE1LTItc2NhbGVkLmpwZyIsInNsaWRlc2hvdyI6IjkxNzI2MDUifQ%3D%3D\">\n\t\t\t\t\t<div class=\"e-gallery-image elementor-gallery-item__image\" data-thumbnail=\"https:\/\/www.landgasthof-linden.de\/wp-content\/uploads\/2025\/09\/DSC09415-2-300x200.jpg\" data-width=\"300\" data-height=\"200\" aria-label=\"\" role=\"img\" ><\/div>\n\t\t\t\t\t\t\t\t\t\t\t<div class=\"elementor-gallery-item__overlay\"><\/div>\n\t\t\t\t\t\t\t\t\t\t\t\t\t\t<\/a>\n\t\t\t\t\t\t\t<a class=\"e-gallery-item elementor-gallery-item elementor-animated-content\" href=\"https:\/\/www.landgasthof-linden.de\/wp-content\/uploads\/2025\/09\/DSC09364-4-scaled.jpg\" data-elementor-open-lightbox=\"yes\" data-elementor-lightbox-slideshow=\"9172605\" data-elementor-lightbox-title=\"DSC09364 4\" data-e-action-hash=\"#elementor-action%3Aaction%3Dlightbox%26settings%3DeyJpZCI6NjU1LCJ1cmwiOiJodHRwczpcL1wvd3d3LmxhbmRnYXN0aG9mLWxpbmRlbi5kZVwvd3AtY29udGVudFwvdXBsb2Fkc1wvMjAyNVwvMDlcL0RTQzA5MzY0LTQtc2NhbGVkLmpwZyIsInNsaWRlc2hvdyI6IjkxNzI2MDUifQ%3D%3D\">\n\t\t\t\t\t<div class=\"e-gallery-image elementor-gallery-item__image\" data-thumbnail=\"https:\/\/www.landgasthof-linden.de\/wp-content\/uploads\/2025\/09\/DSC09364-4-300x200.jpg\" data-width=\"300\" data-height=\"200\" aria-label=\"\" role=\"img\" ><\/div>\n\t\t\t\t\t\t\t\t\t\t\t<div class=\"elementor-gallery-item__overlay\"><\/div>\n\t\t\t\t\t\t\t\t\t\t\t\t\t\t<\/a>\n\t\t\t\t\t<\/div>\n\t\t\t\t\t<\/div>\n\t\t\t\t<\/div>\n\t\t\t\t<\/div>\n\t\t<div class=\"elementor-element elementor-element-22664c4 elementor-hidden-desktop elementor-hidden-tablet e-con-full e-flex e-con e-parent\" data-id=\"22664c4\" data-element_type=\"container\" data-e-type=\"container\">\n\t\t\t\t<div class=\"elementor-element elementor-element-72ac0ff elementor-widget-mobile__width-inherit elementor-hidden-desktop elementor-hidden-tablet elementor-widget elementor-widget-gallery\" data-id=\"72ac0ff\" data-element_type=\"widget\" data-e-type=\"widget\" data-settings=\"{&quot;columns_mobile&quot;:2,&quot;gap_mobile&quot;:{&quot;unit&quot;:&quot;px&quot;,&quot;size&quot;:15,&quot;sizes&quot;:[]},&quot;lazyload&quot;:&quot;yes&quot;,&quot;gallery_layout&quot;:&quot;grid&quot;,&quot;columns&quot;:4,&quot;columns_tablet&quot;:2,&quot;gap&quot;:{&quot;unit&quot;:&quot;px&quot;,&quot;size&quot;:10,&quot;sizes&quot;:[]},&quot;gap_tablet&quot;:{&quot;unit&quot;:&quot;px&quot;,&quot;size&quot;:10,&quot;sizes&quot;:[]},&quot;link_to&quot;:&quot;file&quot;,&quot;aspect_ratio&quot;:&quot;3:2&quot;,&quot;overlay_background&quot;:&quot;yes&quot;,&quot;content_hover_animation&quot;:&quot;fade-in&quot;}\" data-widget_type=\"gallery.default\">\n\t\t\t\t<div class=\"elementor-widget-container\">\n\t\t\t\t\t\t\t<div class=\"elementor-gallery__container\">\n\t\t\t\t\t\t\t<a class=\"e-gallery-item elementor-gallery-item elementor-animated-content\" href=\"https:\/\/www.landgasthof-linden.de\/wp-content\/uploads\/2025\/09\/DSC06313-2-scaled.jpg\" data-elementor-open-lightbox=\"yes\" data-elementor-lightbox-slideshow=\"72ac0ff\" data-elementor-lightbox-title=\"DSC06313 2\" data-e-action-hash=\"#elementor-action%3Aaction%3Dlightbox%26settings%3DeyJpZCI6NjQxLCJ1cmwiOiJodHRwczpcL1wvd3d3LmxhbmRnYXN0aG9mLWxpbmRlbi5kZVwvd3AtY29udGVudFwvdXBsb2Fkc1wvMjAyNVwvMDlcL0RTQzA2MzEzLTItc2NhbGVkLmpwZyIsInNsaWRlc2hvdyI6IjcyYWMwZmYifQ%3D%3D\">\n\t\t\t\t\t<div class=\"e-gallery-image elementor-gallery-item__image\" data-thumbnail=\"https:\/\/www.landgasthof-linden.de\/wp-content\/uploads\/2025\/09\/DSC06313-2-300x200.jpg\" data-width=\"300\" data-height=\"200\" aria-label=\"\" role=\"img\" ><\/div>\n\t\t\t\t\t\t\t\t\t\t\t<div class=\"elementor-gallery-item__overlay\"><\/div>\n\t\t\t\t\t\t\t\t\t\t\t\t\t\t<\/a>\n\t\t\t\t\t\t\t<a class=\"e-gallery-item elementor-gallery-item elementor-animated-content\" href=\"https:\/\/www.landgasthof-linden.de\/wp-content\/uploads\/2025\/09\/DSC06283-2-scaled.jpg\" data-elementor-open-lightbox=\"yes\" data-elementor-lightbox-slideshow=\"72ac0ff\" data-elementor-lightbox-title=\"DSC06283 2\" data-e-action-hash=\"#elementor-action%3Aaction%3Dlightbox%26settings%3DeyJpZCI6NjM3LCJ1cmwiOiJodHRwczpcL1wvd3d3LmxhbmRnYXN0aG9mLWxpbmRlbi5kZVwvd3AtY29udGVudFwvdXBsb2Fkc1wvMjAyNVwvMDlcL0RTQzA2MjgzLTItc2NhbGVkLmpwZyIsInNsaWRlc2hvdyI6IjcyYWMwZmYifQ%3D%3D\">\n\t\t\t\t\t<div class=\"e-gallery-image elementor-gallery-item__image\" data-thumbnail=\"https:\/\/www.landgasthof-linden.de\/wp-content\/uploads\/2025\/09\/DSC06283-2-300x200.jpg\" data-width=\"300\" data-height=\"200\" aria-label=\"\" role=\"img\" ><\/div>\n\t\t\t\t\t\t\t\t\t\t\t<div class=\"elementor-gallery-item__overlay\"><\/div>\n\t\t\t\t\t\t\t\t\t\t\t\t\t\t<\/a>\n\t\t\t\t\t<\/div>\n\t\t\t\t\t<\/div>\n\t\t\t\t<\/div>\n\t\t\t\t<\/div>\n\t\t<div class=\"elementor-element elementor-element-d922988 e-con-full elementor-hidden-mobile e-flex e-con e-parent\" data-id=\"d922988\" data-element_type=\"container\" data-e-type=\"container\">\n\t\t\t\t<div class=\"elementor-element elementor-element-746a270 elementor-widget elementor-widget-image-gallery\" data-id=\"746a270\" data-element_type=\"widget\" data-e-type=\"widget\" data-widget_type=\"image-gallery.default\">\n\t\t\t\t<div class=\"elementor-widget-container\">\n\t\t\t\t\t\t\t<div class=\"elementor-image-gallery\">\n\t\t\t<div id='gallery-1' class='gallery galleryid-411 gallery-columns-4 gallery-size-medium_large'><figure class='gallery-item'>\n\t\t\t<div class='gallery-icon landscape'>\n\t\t\t\t<a data-elementor-open-lightbox=\"yes\" data-elementor-lightbox-slideshow=\"746a270\" data-elementor-lightbox-title=\"DSC09415 2\" data-e-action-hash=\"#elementor-action%3Aaction%3Dlightbox%26settings%3DeyJpZCI6NjYxLCJ1cmwiOiJodHRwczpcL1wvd3d3LmxhbmRnYXN0aG9mLWxpbmRlbi5kZVwvd3AtY29udGVudFwvdXBsb2Fkc1wvMjAyNVwvMDlcL0RTQzA5NDE1LTItc2NhbGVkLmpwZyIsInNsaWRlc2hvdyI6Ijc0NmEyNzAifQ%3D%3D\" href='https:\/\/www.landgasthof-linden.de\/wp-content\/uploads\/2025\/09\/DSC09415-2-scaled.jpg'><img fetchpriority=\"high\" decoding=\"async\" width=\"768\" height=\"512\" src=\"https:\/\/www.landgasthof-linden.de\/wp-content\/uploads\/2025\/09\/DSC09415-2-768x512.jpg\" class=\"attachment-medium_large size-medium_large\" alt=\"\" srcset=\"https:\/\/www.landgasthof-linden.de\/wp-content\/uploads\/2025\/09\/DSC09415-2-768x512.jpg 768w, https:\/\/www.landgasthof-linden.de\/wp-content\/uploads\/2025\/09\/DSC09415-2-300x200.jpg 300w, https:\/\/www.landgasthof-linden.de\/wp-content\/uploads\/2025\/09\/DSC09415-2-1024x683.jpg 1024w, https:\/\/www.landgasthof-linden.de\/wp-content\/uploads\/2025\/09\/DSC09415-2-1536x1024.jpg 1536w, https:\/\/www.landgasthof-linden.de\/wp-content\/uploads\/2025\/09\/DSC09415-2-2048x1365.jpg 2048w\" sizes=\"(max-width: 768px) 100vw, 768px\" \/><\/a>\n\t\t\t<\/div><\/figure><figure class='gallery-item'>\n\t\t\t<div class='gallery-icon landscape'>\n\t\t\t\t<a data-elementor-open-lightbox=\"yes\" data-elementor-lightbox-slideshow=\"746a270\" data-elementor-lightbox-title=\"DSC09397 2\" data-e-action-hash=\"#elementor-action%3Aaction%3Dlightbox%26settings%3DeyJpZCI6NjYwLCJ1cmwiOiJodHRwczpcL1wvd3d3LmxhbmRnYXN0aG9mLWxpbmRlbi5kZVwvd3AtY29udGVudFwvdXBsb2Fkc1wvMjAyNVwvMDlcL0RTQzA5Mzk3LTItc2NhbGVkLmpwZyIsInNsaWRlc2hvdyI6Ijc0NmEyNzAifQ%3D%3D\" href='https:\/\/www.landgasthof-linden.de\/wp-content\/uploads\/2025\/09\/DSC09397-2-scaled.jpg'><img decoding=\"async\" width=\"768\" height=\"512\" src=\"https:\/\/www.landgasthof-linden.de\/wp-content\/uploads\/2025\/09\/DSC09397-2-768x512.jpg\" class=\"attachment-medium_large size-medium_large\" alt=\"\" srcset=\"https:\/\/www.landgasthof-linden.de\/wp-content\/uploads\/2025\/09\/DSC09397-2-768x512.jpg 768w, https:\/\/www.landgasthof-linden.de\/wp-content\/uploads\/2025\/09\/DSC09397-2-300x200.jpg 300w, https:\/\/www.landgasthof-linden.de\/wp-content\/uploads\/2025\/09\/DSC09397-2-1024x683.jpg 1024w, https:\/\/www.landgasthof-linden.de\/wp-content\/uploads\/2025\/09\/DSC09397-2-1536x1024.jpg 1536w, https:\/\/www.landgasthof-linden.de\/wp-content\/uploads\/2025\/09\/DSC09397-2-2048x1365.jpg 2048w\" sizes=\"(max-width: 768px) 100vw, 768px\" \/><\/a>\n\t\t\t<\/div><\/figure><figure class='gallery-item'>\n\t\t\t<div class='gallery-icon landscape'>\n\t\t\t\t<a data-elementor-open-lightbox=\"yes\" data-elementor-lightbox-slideshow=\"746a270\" data-elementor-lightbox-title=\"DSC06298 2\" data-e-action-hash=\"#elementor-action%3Aaction%3Dlightbox%26settings%3DeyJpZCI6NjM5LCJ1cmwiOiJodHRwczpcL1wvd3d3LmxhbmRnYXN0aG9mLWxpbmRlbi5kZVwvd3AtY29udGVudFwvdXBsb2Fkc1wvMjAyNVwvMDlcL0RTQzA2Mjk4LTItc2NhbGVkLmpwZyIsInNsaWRlc2hvdyI6Ijc0NmEyNzAifQ%3D%3D\" href='https:\/\/www.landgasthof-linden.de\/wp-content\/uploads\/2025\/09\/DSC06298-2-scaled.jpg'><img decoding=\"async\" width=\"768\" height=\"512\" src=\"https:\/\/www.landgasthof-linden.de\/wp-content\/uploads\/2025\/09\/DSC06298-2-768x512.jpg\" class=\"attachment-medium_large size-medium_large\" alt=\"\" srcset=\"https:\/\/www.landgasthof-linden.de\/wp-content\/uploads\/2025\/09\/DSC06298-2-768x512.jpg 768w, https:\/\/www.landgasthof-linden.de\/wp-content\/uploads\/2025\/09\/DSC06298-2-300x200.jpg 300w, https:\/\/www.landgasthof-linden.de\/wp-content\/uploads\/2025\/09\/DSC06298-2-1024x683.jpg 1024w, https:\/\/www.landgasthof-linden.de\/wp-content\/uploads\/2025\/09\/DSC06298-2-1536x1024.jpg 1536w, https:\/\/www.landgasthof-linden.de\/wp-content\/uploads\/2025\/09\/DSC06298-2-2048x1365.jpg 2048w\" sizes=\"(max-width: 768px) 100vw, 768px\" \/><\/a>\n\t\t\t<\/div><\/figure><figure class='gallery-item'>\n\t\t\t<div class='gallery-icon landscape'>\n\t\t\t\t<a data-elementor-open-lightbox=\"yes\" data-elementor-lightbox-slideshow=\"746a270\" data-elementor-lightbox-title=\"DSC09364 3\" data-e-action-hash=\"#elementor-action%3Aaction%3Dlightbox%26settings%3DeyJpZCI6NjU0LCJ1cmwiOiJodHRwczpcL1wvd3d3LmxhbmRnYXN0aG9mLWxpbmRlbi5kZVwvd3AtY29udGVudFwvdXBsb2Fkc1wvMjAyNVwvMDlcL0RTQzA5MzY0LTMtc2NhbGVkLmpwZyIsInNsaWRlc2hvdyI6Ijc0NmEyNzAifQ%3D%3D\" href='https:\/\/www.landgasthof-linden.de\/wp-content\/uploads\/2025\/09\/DSC09364-3-scaled.jpg'><img loading=\"lazy\" decoding=\"async\" width=\"768\" height=\"512\" src=\"https:\/\/www.landgasthof-linden.de\/wp-content\/uploads\/2025\/09\/DSC09364-3-768x512.jpg\" class=\"attachment-medium_large size-medium_large\" alt=\"\" srcset=\"https:\/\/www.landgasthof-linden.de\/wp-content\/uploads\/2025\/09\/DSC09364-3-768x512.jpg 768w, https:\/\/www.landgasthof-linden.de\/wp-content\/uploads\/2025\/09\/DSC09364-3-300x200.jpg 300w, https:\/\/www.landgasthof-linden.de\/wp-content\/uploads\/2025\/09\/DSC09364-3-1024x683.jpg 1024w, https:\/\/www.landgasthof-linden.de\/wp-content\/uploads\/2025\/09\/DSC09364-3-1536x1024.jpg 1536w, https:\/\/www.landgasthof-linden.de\/wp-content\/uploads\/2025\/09\/DSC09364-3-2048x1365.jpg 2048w\" sizes=\"(max-width: 768px) 100vw, 768px\" \/><\/a>\n\t\t\t<\/div><\/figure><figure class='gallery-item'>\n\t\t\t<div class='gallery-icon landscape'>\n\t\t\t\t<a data-elementor-open-lightbox=\"yes\" data-elementor-lightbox-slideshow=\"746a270\" data-elementor-lightbox-title=\"DSC06365 2\" data-e-action-hash=\"#elementor-action%3Aaction%3Dlightbox%26settings%3DeyJpZCI6NjQ0LCJ1cmwiOiJodHRwczpcL1wvd3d3LmxhbmRnYXN0aG9mLWxpbmRlbi5kZVwvd3AtY29udGVudFwvdXBsb2Fkc1wvMjAyNVwvMDlcL0RTQzA2MzY1LTItc2NhbGVkLmpwZyIsInNsaWRlc2hvdyI6Ijc0NmEyNzAifQ%3D%3D\" href='https:\/\/www.landgasthof-linden.de\/wp-content\/uploads\/2025\/09\/DSC06365-2-scaled.jpg'><img loading=\"lazy\" decoding=\"async\" width=\"768\" height=\"512\" src=\"https:\/\/www.landgasthof-linden.de\/wp-content\/uploads\/2025\/09\/DSC06365-2-768x512.jpg\" class=\"attachment-medium_large size-medium_large\" alt=\"\" srcset=\"https:\/\/www.landgasthof-linden.de\/wp-content\/uploads\/2025\/09\/DSC06365-2-768x512.jpg 768w, https:\/\/www.landgasthof-linden.de\/wp-content\/uploads\/2025\/09\/DSC06365-2-300x200.jpg 300w, https:\/\/www.landgasthof-linden.de\/wp-content\/uploads\/2025\/09\/DSC06365-2-1024x683.jpg 1024w, https:\/\/www.landgasthof-linden.de\/wp-content\/uploads\/2025\/09\/DSC06365-2-1536x1024.jpg 1536w, https:\/\/www.landgasthof-linden.de\/wp-content\/uploads\/2025\/09\/DSC06365-2-2048x1365.jpg 2048w\" sizes=\"(max-width: 768px) 100vw, 768px\" \/><\/a>\n\t\t\t<\/div><\/figure><figure class='gallery-item'>\n\t\t\t<div class='gallery-icon landscape'>\n\t\t\t\t<a data-elementor-open-lightbox=\"yes\" data-elementor-lightbox-slideshow=\"746a270\" data-elementor-lightbox-title=\"DSC06192 2\" data-e-action-hash=\"#elementor-action%3Aaction%3Dlightbox%26settings%3DeyJpZCI6NjI3LCJ1cmwiOiJodHRwczpcL1wvd3d3LmxhbmRnYXN0aG9mLWxpbmRlbi5kZVwvd3AtY29udGVudFwvdXBsb2Fkc1wvMjAyNVwvMDlcL0RTQzA2MTkyLTItc2NhbGVkLmpwZyIsInNsaWRlc2hvdyI6Ijc0NmEyNzAifQ%3D%3D\" href='https:\/\/www.landgasthof-linden.de\/wp-content\/uploads\/2025\/09\/DSC06192-2-scaled.jpg'><img loading=\"lazy\" decoding=\"async\" width=\"768\" height=\"512\" src=\"https:\/\/www.landgasthof-linden.de\/wp-content\/uploads\/2025\/09\/DSC06192-2-768x512.jpg\" class=\"attachment-medium_large size-medium_large\" alt=\"\" srcset=\"https:\/\/www.landgasthof-linden.de\/wp-content\/uploads\/2025\/09\/DSC06192-2-768x512.jpg 768w, https:\/\/www.landgasthof-linden.de\/wp-content\/uploads\/2025\/09\/DSC06192-2-300x200.jpg 300w, https:\/\/www.landgasthof-linden.de\/wp-content\/uploads\/2025\/09\/DSC06192-2-1024x683.jpg 1024w, https:\/\/www.landgasthof-linden.de\/wp-content\/uploads\/2025\/09\/DSC06192-2-1536x1024.jpg 1536w, https:\/\/www.landgasthof-linden.de\/wp-content\/uploads\/2025\/09\/DSC06192-2-2048x1365.jpg 2048w\" sizes=\"(max-width: 768px) 100vw, 768px\" \/><\/a>\n\t\t\t<\/div><\/figure><figure class='gallery-item'>\n\t\t\t<div class='gallery-icon landscape'>\n\t\t\t\t<a data-elementor-open-lightbox=\"yes\" data-elementor-lightbox-slideshow=\"746a270\" data-elementor-lightbox-title=\"DSC06313 2\" data-e-action-hash=\"#elementor-action%3Aaction%3Dlightbox%26settings%3DeyJpZCI6NjQxLCJ1cmwiOiJodHRwczpcL1wvd3d3LmxhbmRnYXN0aG9mLWxpbmRlbi5kZVwvd3AtY29udGVudFwvdXBsb2Fkc1wvMjAyNVwvMDlcL0RTQzA2MzEzLTItc2NhbGVkLmpwZyIsInNsaWRlc2hvdyI6Ijc0NmEyNzAifQ%3D%3D\" href='https:\/\/www.landgasthof-linden.de\/wp-content\/uploads\/2025\/09\/DSC06313-2-scaled.jpg'><img loading=\"lazy\" decoding=\"async\" width=\"768\" height=\"512\" src=\"https:\/\/www.landgasthof-linden.de\/wp-content\/uploads\/2025\/09\/DSC06313-2-768x512.jpg\" class=\"attachment-medium_large size-medium_large\" alt=\"\" srcset=\"https:\/\/www.landgasthof-linden.de\/wp-content\/uploads\/2025\/09\/DSC06313-2-768x512.jpg 768w, https:\/\/www.landgasthof-linden.de\/wp-content\/uploads\/2025\/09\/DSC06313-2-300x200.jpg 300w, https:\/\/www.landgasthof-linden.de\/wp-content\/uploads\/2025\/09\/DSC06313-2-1024x683.jpg 1024w, https:\/\/www.landgasthof-linden.de\/wp-content\/uploads\/2025\/09\/DSC06313-2-1536x1024.jpg 1536w, https:\/\/www.landgasthof-linden.de\/wp-content\/uploads\/2025\/09\/DSC06313-2-2048x1365.jpg 2048w\" sizes=\"(max-width: 768px) 100vw, 768px\" \/><\/a>\n\t\t\t<\/div><\/figure><figure class='gallery-item'>\n\t\t\t<div class='gallery-icon landscape'>\n\t\t\t\t<a data-elementor-open-lightbox=\"yes\" data-elementor-lightbox-slideshow=\"746a270\" data-elementor-lightbox-title=\"DSC09339 2\" data-e-action-hash=\"#elementor-action%3Aaction%3Dlightbox%26settings%3DeyJpZCI6NjQ4LCJ1cmwiOiJodHRwczpcL1wvd3d3LmxhbmRnYXN0aG9mLWxpbmRlbi5kZVwvd3AtY29udGVudFwvdXBsb2Fkc1wvMjAyNVwvMDlcL0RTQzA5MzM5LTItc2NhbGVkLmpwZyIsInNsaWRlc2hvdyI6Ijc0NmEyNzAifQ%3D%3D\" href='https:\/\/www.landgasthof-linden.de\/wp-content\/uploads\/2025\/09\/DSC09339-2-scaled.jpg'><img loading=\"lazy\" decoding=\"async\" width=\"768\" height=\"512\" src=\"https:\/\/www.landgasthof-linden.de\/wp-content\/uploads\/2025\/09\/DSC09339-2-768x512.jpg\" class=\"attachment-medium_large size-medium_large\" alt=\"\" srcset=\"https:\/\/www.landgasthof-linden.de\/wp-content\/uploads\/2025\/09\/DSC09339-2-768x512.jpg 768w, https:\/\/www.landgasthof-linden.de\/wp-content\/uploads\/2025\/09\/DSC09339-2-300x200.jpg 300w, https:\/\/www.landgasthof-linden.de\/wp-content\/uploads\/2025\/09\/DSC09339-2-1024x683.jpg 1024w, https:\/\/www.landgasthof-linden.de\/wp-content\/uploads\/2025\/09\/DSC09339-2-1536x1024.jpg 1536w, https:\/\/www.landgasthof-linden.de\/wp-content\/uploads\/2025\/09\/DSC09339-2-2048x1365.jpg 2048w\" sizes=\"(max-width: 768px) 100vw, 768px\" \/><\/a>\n\t\t\t<\/div><\/figure>\n\t\t<\/div>\n\t\t<\/div>\n\t\t\t\t\t\t<\/div>\n\t\t\t\t<\/div>\n\t\t\t\t<\/div>\n\t\t\t\t<\/div>\n\t\t","protected":false},"excerpt":{"rendered":"<p>Herzlich WillkommenLandgasthof Linden Kommt zu uns in die idyllische Landschaft von Niederbayern.Verbringt ein paar erholsame Stunden oder Tage im Landgasthof Linden in Furth, umgeben von Menschen, die euch nur das Beste w\u00fcnschen. Sich wie zu Hause f\u00fchlen \u2013 das f\u00e4llt in unserem liebevoll gef\u00fchrten Familienbetrieb wunderbar leicht. Als Gastgeberfamilie mit Herz und Leidenschaft wissen wir [&hellip;]<\/p>\n","protected":false},"author":1,"featured_media":0,"parent":0,"menu_order":0,"comment_status":"closed","ping_status":"closed","template":"","meta":{"footnotes":""},"class_list":["post-411","page","type-page","status-publish","hentry"],"jetpack_sharing_enabled":true,"_links":{"self":[{"href":"https:\/\/www.landgasthof-linden.de\/index.php?rest_route=\/wp\/v2\/pages\/411","targetHints":{"allow":["GET"]}}],"collection":[{"href":"https:\/\/www.landgasthof-linden.de\/index.php?rest_route=\/wp\/v2\/pages"}],"about":[{"href":"https:\/\/www.landgasthof-linden.de\/index.php?rest_route=\/wp\/v2\/types\/page"}],"author":[{"embeddable":true,"href":"https:\/\/www.landgasthof-linden.de\/index.php?rest_route=\/wp\/v2\/users\/1"}],"replies":[{"embeddable":true,"href":"https:\/\/www.landgasthof-linden.de\/index.php?rest_route=%2Fwp%2Fv2%2Fcomments&post=411"}],"version-history":[{"count":77,"href":"https:\/\/www.landgasthof-linden.de\/index.php?rest_route=\/wp\/v2\/pages\/411\/revisions"}],"predecessor-version":[{"id":1073,"href":"https:\/\/www.landgasthof-linden.de\/index.php?rest_route=\/wp\/v2\/pages\/411\/revisions\/1073"}],"wp:attachment":[{"href":"https:\/\/www.landgasthof-linden.de\/index.php?rest_route=%2Fwp%2Fv2%2Fmedia&parent=411"}],"curies":[{"name":"wp","href":"https:\/\/api.w.org\/{rel}","templated":true}]}}